p**2 + 105. Let z be t(88). What is the highest common divisor of z and 615?
15
Let x be ((-28)/(-10))/((-5)/((-525)/6)). Let j be 1 + x + (3 - 5). What is the greatest common divisor of 16 and j?
16
Suppose -z = n - 3523, 0 = 4*n + 18*z - 21*z - 14106. Calculate the greatest common divisor of n and 150.
75
Let v be (-4)/((-16)/25)*4. Suppose w - 74 = 2*r + 304, -3545 = -9*w + 5*r. What is the greatest common divisor of v and w?
25
Let r(q) = 10*q - 5. Let n be r(10). Suppose -22*g - 54*g - 23 = -403. What is the greatest common factor of n and g?
5
Let u(s) = 472*s + 3418. Let x be u(-7). Calculate the highest common factor of x and 306.
6
Suppose 4*j - 9*p - 808 = 3*j, 18 = -3*p. What is the highest common divisor of 928 and j?
58
Let l(a) = 27*a - 105. Let n be l(7). What is the highest common divisor of n and 644?
28
Let h = -14935 + 14941. Calculate the highest common divisor of h and 394.
2
Let x(r) be the second derivative of 5*r**3/6 + 50*r**2 - 123*r. Let h be x(-11). Calculate the highest common divisor of h and 45.
45
Suppose 0 = -9*d + 458 + 3349 + 2493. Calculate the highest common divisor of 630 and d.
70
Let h = -897 - -378. Let n be 1/((-3)/h) + (13 - 12). Calculate the highest common divisor of n and 87.
87
Let d = 4291 + -4127. What is the greatest common divisor of 32 and d?
4
Suppose -34*n = 98*n - 11955 - 10221. Let s be 16/24*(-6)/4. Let p(a) = 23*a**2 + 1. Let h be p(s). What is the greatest common divisor of n and h?
24
Let o(p) = -19*p + 68. Let q be o(3). Suppose q*j = 695 + 394. Suppose -59 = -5*t - u, -u - 7 = -0*t - t. What is the greatest common factor of t and j?
11
Let u(j) = j**3 - 4*j**2 - 5*j + 13. Let t be u(5). Let f be (271 - -1) + -19 + t. What is the greatest common divisor of f and 42?
14
Suppose -3*h - 37 - 506 = w, 2*w + 1130 = 5*h. Let g be w/(-20) + (-30)/40. Calculate the highest common factor of 135 and g.
27
Suppose 2*a = 5*n + a - 8606, n - 1726 = 5*a. Let x = n - 1193. What is the greatest common factor of 66 and x?
66
Let f = 14993 + -14683. Calculate the highest common divisor of 110 and f.
10
Let l = -6415 + 11761. Calculate the greatest common divisor of l and 110.
22
Let z be -2 - (3244/(-4) - -7). Let o = z + -568. What is the greatest common divisor of o and 54?
18
Let h(m) = -m**3 + m - 14. Let g be h(-3). Let u(f) = 2*f**3 - 20*f**2 + 3*f + 6. Let n be u(g). Calculate the greatest common divisor of 324 and n.
36
Let l(y) = -113*y + 1. Let n be l(-1). Let o(w) = 8*w - 66. Suppose 0 = -14*f + 9*f + 45. Let i be o(f). Calculate the greatest common factor of i and n.
6
Let b(m) = 6*m - 3. Let x be b(3). Suppose 5*f = -2*w - 750 + 1340, 3*f = 4*w - 1128. Calculate the greatest common factor of w and x.
15
Suppose -r - 670 = -5*n, -5*n - 3*r = -500 - 190. Let z(j) = -40*j + 990. Let u be z(24). Calculate the greatest common divisor of u and n.
15
Let w(b) = -b**3 - 5*b**2 + 21. Let k be w(-4). Suppose 0 = -4*g - 2*y + 240, -3*y = k*g + y - 300. What is the highest common divisor of g and 24?
12
Let t be (-26 + 1)/(-5) + -5. Suppose 2*r + 4*y - 640 = t, -3*r = 3*y + 132 - 1107. Suppose -580 = -13*c + r. Calculate the greatest common divisor of 14 and c.
14
Let c(n) = -3*n**3 + 2*n**2 - n - 3. Let g be c(-1). Suppose -3*s = 4*w - 1145, -2*w - g*w + 3*s + 1438 = 0. What is the greatest common factor of w and 41?
41
Let n(h) = h**3 + 12*h**2 - 11*h. Let l be n(-10). Suppose 7068 = 4*d + 34*d. Calculate the greatest common divisor of d and l.
62
Let q(z) = z**2 - 12*z - 781. Let y be q(-23). Calculate the highest common factor of 6036 and y.
12
Let m = -25 + 35. Let f be (12/m)/(9/30). Suppose -f*y + 773 - 157 = 0. What is the greatest common divisor of 14 and y?
14
Let t(q) be the second derivative of -5*q**3/2 - 13*q**2 - 2*q - 8. Let v be t(-3). What is the greatest common divisor of 171 and v?
19
Let o(c) = -599*c + 3214. Let a be o(-49). What is the greatest common divisor of 390 and a?
195
Let y = 789 - 735. What is the greatest common divisor of 3366 and y?
18
Suppose 46*w = 45*w + 1584. What is the greatest common factor of w and 176?
176
Suppose 7*m - 18*m - 3982 = 0. Let o = m + 418. Calculate the greatest common divisor of o and 154.
14
Let r(p) = 256*p**2 + 224*p - 2020. Let s be r(11). What is the greatest common factor of s and 20?
20
Let v(z) = -z**2 - 9*z - 7. Let k(q) = q**2 + 5*q + 3. Let h(u) = 5*k(u) + 3*v(u). Let f be h(-2). Calculate the greatest common divisor of 42 and f.
6
Let r be (-2)/8*-6 + -2 - 7700/(-616). Calculate the greatest common factor of r and 2004.
12
Suppose 30*t + 4020 = 35*t. Calculate the highest common factor of t and 60.
12
Let b(d) = d**3 - 34*d**2 - 72*d + 3. Let k be b(36). Suppose 0 = 4*c + f - 256, -k*c - 4*f = -9*f - 192. What is the highest common divisor of c and 80?
16
Suppose 2*p - 201 = 3*k, -2*p + 4*k + 400 = 2*p. Suppose -101*d + p*d + 18 = 0. Let b be 87/9 + 4/(-6). What is the highest common divisor of d and b?
9
Let p(h) = 132*h**2 - 13*h - 46. Let w be p(-6). What is the highest common divisor of w and 64?
16
Let u be (-1)/(4/(-204) - 0)*(-568)/(-213). What is the greatest common divisor of 2672 and u?
8
Let s be (-80)/20 - (-4 + 1). Let y be (-513)/(-3)*(5 + s + -3). What is the greatest common factor of y and 19?
19
Suppose -173*v - 4*c = -171*v - 344, 5*c = -20. Calculate the highest common divisor of v and 972.
36
Let p(g) = -2*g**3 + 2*g**2 + g. Let l be p(-1). Let y be l/1 - 1/1. Suppose -1203*c + 993*c = -3780. Calculate the greatest common factor of y and c.
2
Let v = -1435 + 843. Let f = -192 - v. Calculate the highest common divisor of f and 16.
16
Let d = -158 - -134. Let z be 4 + (0/1)/(-1). Let h be (z/(-8))/(3/d). What is the highest common divisor of 1 and h?
1
Let u(l) = -l**2 - 3 + 4*l**2 + 0 + 2*l. Let j be u(-3). Let z = -9757 - -9763. What is the greatest common divisor of z and j?
6
Suppose 26*t - 17*t - 2862 = 0. What is the greatest common divisor of t and 1?
1
Suppose 5*c + 19*t - 22*t - 32 = 0, -9 = -c - 2*t. Suppose -65 = -c*s - 23. Let l = -43 - -67. Calculate the greatest common divisor of l and s.
6
Suppose 0 = -26*v + 21*v + 5. Let x be 1/v*1/(6/30). Suppose -9*u + 612 = 2*z - 7*u, -4*z + x*u = -1224. Calculate the greatest common divisor of z and 34.
34
Let f(j) = -2*j**2 - 125*j + 358. Let m be f(-65). Let i(l) = 121*l**2 - l + 1. Let n be i(1). What is the highest common factor of n and m?
11
Suppose 5*y - 8 = p - 65, 3*y + 207 = 3*p. Let v be (-22)/55 - 4/(-10). Suppose -2*n + 0 + 36 = v. What is the highest common divisor of n and p?
18
Suppose -3*k + 6 = 2*q, q - 4*k + 8 + 0 = 0. Let m = -8 - -20. Suppose q = 4*r - 4*x - 0*x - m, -5*r + 23 = -x. What is the greatest common factor of r and 5?
5
Let j(d) = -d**3 - 24*d**2 + 23*d - 48. Let w be j(-25). Let m be (1/(-2)*(-1533 + -31))/w. Calculate the greatest common divisor of 69 and m.
23
Let u(a) = -2*a**3 - 11*a**2 + 98*a + 737. Let b be u(-10). Calculate the greatest common divisor of 27 and b.
9
Suppose -8296 = -255*x + 238*x. Calculate the greatest common factor of 854 and x.
122
Let g be 6*(1 + 42/4). Let i be 4*(2004/16 - -1). Suppose -7*y = -i + 183. Calculate the highest common divisor of g and y.
23
Let g(p) = -8*p + 1. Let m be g(-6). Let k = -19148 + 19246. What is the highest common factor of m and k?
49
Let s be 260/(-30)*((-226)/28 - 8/(-14)). Calculate the highest common divisor of s and 78.
13
Let c be (5 + (-104)/4)/(-1). Suppose 2*f - 5*p - 30 = -0*p, f = 4*p + c. What is the highest common factor of 185 and f?
5
Let n(a) be the third derivative of a**5/20 + 5*a**4/6 - 5*a**3/2 - a**2 + 8. Let g be n(-15). Calculate the highest common divisor of 45 and g.
45
Suppose 28*r = 21*r - 48*r + 25795. Calculate the greatest common factor of r and 84.
7
Let i(p) = -p**3 + 16*p**2 - 19*p + 51. Let u be i(15). Let q(k) = k**2 - 2*k - 77. Let t be q(u). Calculate the greatest common divisor of 594 and t.
22
Let d be ((-6072)/15 - -4)/(4/(-10)). Suppose d = 12*n + 330. Calculate the greatest common divisor of 728 and n.
56
Let w(l) = l**2 - 3*l + 7. Let z be (-3)/9 + 1/3*10. Let s be w(z). Let d be (56/24)/((-2)/(-102)). Calculate the greatest common divisor of s and d.
7
Let f(z) be the third derivative of -19*z**4/24 - 11*z**3 + 30*z**2 + 